composite?
False
Let y = 262 + -246. Suppose -y*f = -6*f - 23170. Is f a composite number?
True
Let c(m) = -m**3 + 12*m**2 + 18*m + 6. Let y be c(-8). Let j = y - 1647. Let l = j + 804. Is l prime?
False
Suppose -48*p + 23447478 = 1914822. Is p a prime number?
True
Let l = -17531 + 9028. Let t = l + 14966. Is t a composite number?
True
Let k(g) = 2*g - 76. Let v be k(26). Is (-88440)/v - (0 - 6) a composite number?
False
Let g(k) = -29*k + k + 9*k + 2*k + 37 + k**3 + 23*k**2. Is g(-22) prime?
False
Let s be 42/14*(2 + -2 + 1). Suppose 3 = s*n + 3*y, 2*n - 4*y = -n + 17. Suppose -n*c + 1288 = -1433. Is c prime?
True
Let f(o) be the first derivative of o**4/4 + 2*o**3 - 11*o**2 - 26*o - 40. Is f(15) a prime number?
False
Let p(k) = -9*k**3 - 9*k**2 + 12*k - 7. Let v(z) = 27*z**3 + 27*z**2 - 36*z + 21. Let c(w) = -7*p(w) - 2*v(w). Is c(5) a composite number?
False
Suppose 1887534 = 37*g - 1989067. Is g composite?
False
Let u be 1/(2/6) + -3. Suppose -t + u + 4 = 0. Suppose -t*x + 277 = -471. Is x composite?
True
Suppose 7*q = 97540 + 510879. Is q a prime number?
False
Suppose 20*w + 36 = 24*w. Suppose -2*c + 2*t = -15428, -10*c + w*c - 2*t + 7717 = 0. Is c a composite number?
True
Let w(p) = 235*p**2 - 4*p + 7. Is w(-2) a composite number?
True
Let j = 51 + -56. Is (-47085)/(-25) - (18/j - -4) composite?
True
Let b(h) = 38*h**2 - 28*h + 787. Is b(27) a composite number?
False
Suppose 16*y + 906844 = 52*y + 56*y. Let f be ((-1994)/3)/((-2)/6). Suppose -7*o + f = -y. Is o prime?
True
Suppose -4*x + n + 188305 = -343829, -5*x = -2*n - 665169. Is x prime?
True
Let j(c) = -554*c + 220. Let h be j(-6). Suppose 9*w - h = 8705. Is w composite?
False
Suppose 0 = -2*k - 5*y + 2099891, -5*y + 1049938 = 4*k - 3*k. Is k composite?
False
Suppose q + 4*c - 453 = 0, 2*c + 2 = -0. Suppose 3*o - 2*o + 3*d = -q, -2313 = 5*o + d. Let l = -126 - o. Is l a composite number?
False
Suppose -16 = -x + 4*k, 4*k = -19 + 3. Suppose x*r = -3*r + 6. Suppose -2*y = 0, 5*y = -d - r*d + 2337. Is d a composite number?
True
Let l be (4 - (-5 - -14)) + 51169. Suppose 97*i + l = 101*i. Suppose 5*k + 4*s - 17396 = -1381, s + i = 4*k. Is k prime?
False
Let h(x) = -12*x**3 + 2*x**2 - 2*x + 11. Let k be h(-16). Suppose -16*u + 24005 = -k. Is u a composite number?
True
Let t = 590928 + -226939. Is t a prime number?
True
Let q be -6*(21/14 + (-1560)/1). Let s = q - 5554. Is s a composite number?
False
Let i(s) = -2872*s + 11. Let p be i(-1). Let v = -1418 + p. Is v prime?
False
Suppose 0*m + 4 = -4*m - 4*x, -4*x = m + 10. Let q = -45 + 819. Suppose 5*w = 5, -4*c + 0*w + q = -m*w. Is c composite?
True
Let w(r) = 1104*r**2 - 13*r - 21. Is w(-6) a prime number?
False
Let o be (1 + -3790 + 2)*7/(-7). Suppose -7*c + 3*c = -5*x - o, -5*x + c = 3778. Let y = -448 - x. Is y composite?
False
Suppose -60 = -2*x - o, -4 + 0 = o. Let c = -28 + x. Suppose -c*w + 2980 = 3*l, -w + 1124 = -4*l + 379. Is w a prime number?
False
Let y(x) = -2*x**3 - 8*x**2 + 10*x + 5. Suppose -5*l = -1 + 26. Let q be y(l). Is -1*199*(q + -6) composite?
False
Let g be 2011/(-8) + 99/264. Is 21/7 - g/1 composite?
True
Let v = 8743 + 7652. Suppose -h + u = -1207 - 2072, 5*h - u = v. Is h composite?
True
Let p(g) = -2*g**2 + 16*g + 21. Let h(y) = y**2 - 8*y - 10. Let f(z) = 5*h(z) + 2*p(z). Let o be f(5). Let q = o - -164. Is q a prime number?
False
Let n(u) = -2*u**3 - u**2 - 5*u**3 + 3*u**3 - 2 + 8*u**3 + 3*u. Let i be n(1). Is 10/i*(-3678)/(-15) prime?
True
Suppose 576*p - 591*p = -8075355. Is p a prime number?
True
Let k be 0/(-6) + (1 - -28003). Is 20/4*k/20 prime?
True
Suppose -3*s + 18 = -0*s + 4*w, 5*s - 3*w - 1 = 0. Suppose k + 4*k - s*u = 379, -12 = -4*u. Let y = -40 + k. Is y a prime number?
True
Is (1018/5)/((6 - -4)*5/65375) a composite number?
True
Let i be (-26)/52*(-1 - -1). Suppose 92*n - 82*n - 11390 = i. Is n a prime number?
False
Suppose -3*p - 120743 = 34*b - 39*b, -4*p - 24135 = -b. Is b a prime number?
True
Suppose 2*i - 34693 = -5*o, 2*i - 2*o - 582 = 34132. Is i prime?
False
Let r(l) be the third derivative of l**5/10 - 7*l**4/24 - 7*l**3/2 + l**2. Let y = 2866 - 2856. Is r(y) prime?
True
Suppose 828065 = 12*o + 1247509 - 4664336. Is o composite?
True
Let j(i) = 2678*i**3 - 32*i**2 + 153*i - 16. Is j(7) a prime number?
True
Is ((-83877)/15)/((-10)/50) composite?
True
Suppose 0 = 217*q - 215*q - 1230. Let l = q + -350. Is l a prime number?
False
Suppose -4*i - 12 = -2*f, -2*f + 2*i + 8 = -0. Suppose -g = -f*v + 10, -5*v + 20 + 3 = -3*g. Suppose -v*s + 942 + 3503 = 0. Is s prime?
False
Let v be (-2)/(3/7 + 116/(-140)). Suppose -v*s - h = -3*h, s - h = 0. Suppose -2*x - 3*d + 940 = 0, -x - 2*d + 0*d + 471 = s. Is x a composite number?
False
Suppose 71 - 143 = -18*c. Let s be 2 + 5 + 1 + -1. Suppose -2*w + 1058 = -3*d + s*d, -c*w = -d - 2080. Is w a composite number?
False
Let k(t) = 37*t**3 + 26*t**2 - 114*t + 5. Is k(4) a prime number?
True
Let p(h) = -5*h - 15. Let i(u) = -u. Let k(j) = 3*i(j) - p(j). Let z be k(-14). Let v(a) = 2*a**2 + 17*a - 11. Is v(z) prime?
False
Is 30/40*(-648996)/(-9) a composite number?
False
Suppose 2 = r + 1. Let y be ((-2)/(-12)*-970)/(r/(-60)). Is y/28 + 3/(-7) a composite number?
True
Is (7 + 1087066/76)*47*2 composite?
True
Let l be (-121)/(-22)*(4 - -6). Suppose -897 = l*f - 58*f. Is f a composite number?
True
Suppose 4*m = m + 3*u, 12 = m + 3*u. Suppose 3*a + 113 + 652 = m*w, a - 749 = -3*w. Is w prime?
True
Suppose -50*k = -42*k - 182144. Let j = -7269 + k. Is j composite?
True
Is (84/6)/(-56)*-82444 prime?
True
Let h(v) = 114*v**2 - 22*v + 159. Let s = 278 + -270. Is h(s) a prime number?
False
Let r = -98 - -103. Suppose -3*x + 7564 = -2*t, -r*x = -4*t + 5*t - 12585. Is x prime?
False
Is -7 + 8 + 9 - -66247 a prime number?
False
Let x(c) = -6*c + 74. Let l be x(12). Suppose 337 = l*h - b - 1265, -h - b + 795 = 0. Is h prime?
False
Let f(w) = -w**3 + 3*w**2 + 14*w + 10. Let l be f(6). Let c = l - -181. Is c composite?
False
Let y be (-39080)/(-16) - ((-10)/(-4) - 2). Let v = y + -1433. Is v a prime number?
True
Let d(u) = -2917*u - 50. Let j(x) = x**3 - 4*x**2 + 8*x - 9. Let t be j(2). Is d(t) prime?
False
Let y(m) = -7*m + 79. Let v be y(11). Suppose 10*b - 6*b + 5*c - 29117 = 0, -v*b + 14569 = -c. Is b prime?
True
Let w(o) be the third derivative of 0 + 15*o**2 + 11/6*o**3 + 1/60*o**6 + 0*o + 7/24*o**4 - 1/5*o**5. Is w(8) a prime number?
False
Suppose 14*c = 16*c - 2932. Suppose 7*z - c = 1775. Let g = z + -302. Is g a prime number?
False
Suppose 0 = 319*a - 316*a - 6, -2*y - 3*a = -9754. Is y a prime number?
False
Suppose 0 = 199*o - 194*o + 35. Let i(p) = -2*p**3 - 10*p**2 + 5*p + 16. Is i(o) prime?
False
Let u(w) = 544*w**3 - 11*w**2 + 46*w - 16. Is u(5) composite?
False
Let m = 99 - 78. Let j = 23 - m. Suppose -j*g = 6*z - 7*z - 328, 0 = 3*g - z - 491. Is g a prime number?
True
Let m(s) = 557*s**2 + 10*s - 5. Suppose -w + 4 = -3. Is m(w) a prime number?
False
Let t = -146029 - -312320. Is t a prime number?
False
Let p be 1/1 + (-10 + 9)*-4. Suppose -p*g - 12*g = -39491. Is g composite?
True
Let c(q) = -14 + 38 - 13 - 5*q - 13. Let h be c(-1). Suppose -h*s + 0 = -6, 0 = -4*j + s + 1574. Is j composite?
True
Let f(v) = -38 + v**3 + 4*v + 5 - 23*v**2 + 86. Is f(23) a composite number?
True
Suppose 0 = 2*y - 4*m - 86582, -2*y + m + 6961 = -79621. Is y a prime number?
True
Let b = -933 + 1554. Let u = b + -398. Is u a composite number?
False
Let y(k) = 8*k**2 - 5 + 2*k - 3*k**3 + 0*k**3 + 2*k**3 - k. Let s be y(8). Suppose -5*v = s*w - 0*w - 3943, 807 = v - 4*w. Is v a composite number?
True
Let x(s) = 161*s - 24. Let i be x(-1). Let l = i + 10702. Is l composite?
True
Let c = 55 + -52. Suppose p + c*p - 5*d - 27823 = 0, p + d - 6949 = 0. Suppose -2*b = 6*b - p. Is b a prime number?
False
Suppose 6*z - z = 5. Suppose -l + s + 0 = z, -5*s = l - 23. Suppose 0 = p + 3*q - 1363, -p - q + 1361 = l*q. Is p prime?
False
Suppose -5*z - 28*l + 26*l = -1689513, 5*z - 1689517 = -3*l. Is z prime?
True
Suppose -438882 = 77*b - 4875391. Is b composite?
True
Suppose 14*s = 8*s + 30. Suppose -2*g - 4*w - 559 = -3*g, s*w = 4*g - 2214. Is g a composite number?
True
Suppose -9*a + 5*p + 3067114 = -979834, 2*a = 4*p + 899342. Is a a composite number?
True
Suppose 5426 = x - 2042. Is